 0. What is the remainder when q is divided by 274?
141
Suppose -5*t - t + 7626 = 0. Suppose -a - 2*c = 407, 0 = 5*a - 2*a - 4*c + t. Calculate the remainder when (a/6)/(1/(-2)) is divided by 35.
34
Let w = 44423 - 44277. Suppose -2*o - 4*s + 60 = 0, -7*o - s = -2*o - 150. Calculate the remainder when w is divided by o.
26
Suppose 0 = -10*w + 9*w + 23*w - 968. Calculate the remainder when 1758 is divided by w.
42
Suppose -5*d = -1641 + 241. What is the remainder when (-1739)/(-9) - (d/(-36) - -8) is divided by 40?
33
Suppose 59*b - 55*b - 60 = 0. Suppose -7 = -2*a - 2*g + b, 5*a - 49 = -2*g. Calculate the remainder when ((-35)/4)/(6/(-72)) is divided by a.
6
Let q(k) = -k - 4*k + k + 33 + 5*k. Calculate the remainder when q(-2) is divided by 8.
7
Suppose -2*z = 6*h - 3*h - 12645, 4*z + 25242 = 6*h. What is the remainder when h is divided by 25?
11
Let u(k) = -k**3 + 16*k**2 + 17*k + 42. Let p be u(17). Let y(d) = -23 + 3*d + 7*d**2 + p - 23 + 2*d**2. Calculate the remainder when y(4) is divided by 9.
8
Let c(p) = -19*p - 50. Suppose 0 = 6*k - 5*k + 3*l + 8, 3*l + 3 = 0. What is the remainder when 103 is divided by c(k)?
13
Suppose -z = 4*x - 102, -95 = -z - 130*x + 133*x. What is the remainder when 196 is divided by z?
0
Let b(i) = 10*i**2 + 3*i - 1. Suppose -13*y + 18*y - 5 = 0. What is the remainder when -5*(-8)/20 - -114 is divided by b(y)?
8
Suppose s + 1 = 4, q = 2*s. Let v(a) = 145*a - 552. What is the remainder when v(4) is divided by q?
4
Let r = -5195 - -5246. What is the remainder when 3154 is divided by r?
43
Suppose 2*h - 5*d - 29 = -4, -h + d = -14. Let m = -9227 + 9301. Calculate the remainder when m is divided by h.
14
Let m = 21671 + -21296. Calculate the remainder when 494 is divided by m.
119
Suppose -4*f - 4*a = -244, -3*f - a = -6*f + 203. Let t = f - 67. Let x(j) = -66*j**3 - 2*j - 1. Calculate the remainder when x(t) is divided by 10.
7
Let p(r) = r**3 - 2*r**2 - r + 6. Suppose -28 = -2*m - 4*i, 5*m - 2*i - 74 = 2*m. What is the remainder when p(4) is divided by m?
12
Let l = 3 + 40. Let z(i) = i**3 - 5*i**2 + 8*i - 4. Let a = 182 - 178. Calculate the remainder when l is divided by z(a).
7
Let o = 44 - -36. Let d(u) = 67*u - 4. Let a be d(-1). Let s = o + a. What is the remainder when s is divided by 2?
1
Let l be -81 + (6 - (-10)/(-1)). Calculate the remainder when -3*(l/3 - -3) is divided by 11.
10
Let r(p) = -18*p - 351. Let u(g) = 11*g + 234. Let i(c) = 5*r(c) + 8*u(c). What is the remainder when i(27) is divided by 22?
19
Calculate the remainder when ((-226)/452)/((-19194)/9596 + 2) is divided by 60.
59
Let u(m) = -m + 10. Suppose 1825 = -21*r + 7726. Let q = -263 + r. What is the remainder when q is divided by u(0)?
8
Let n be 102/4*(-60)/(-45). Suppose -2*f + n = 24. Calculate the remainder when 17 is divided by f.
2
Suppose 13*c - 16320 = -c - 6*c. Calculate the remainder when c is divided by 32.
16
Let d(n) = 46*n - 969. What is the remainder when d(23) is divided by 13?
11
Let r = 48 + -23. Let z(u) = -u**2 - 16*u + 53. Suppose n - 108 = 7*n. What is the remainder when r is divided by z(n)?
8
Let t(j) = -109*j - 78. What is the remainder when t(-5) is divided by 26?
25
Let g = -6082 + 6128. Calculate the remainder when 2113 is divided by g.
43
Let h(x) = 15*x - 5. Calculate the remainder when (-6611)/(-110) + 2/(-20) is divided by h(2).
10
Suppose -2*x - 6*o + 116 = -2*o, -242 = -4*x + 2*o. Calculate the remainder when 113 is divided by x.
53
Let c = 2630 - 1995. Calculate the remainder when c is divided by 49.
47
Suppose -2*k = 5*x - 1591, 0 = 2*k - 5*x - 1478 - 43. What is the remainder when k is divided by 261?
256
Suppose -8535 = -11*k + 342. Calculate the remainder when k is divided by 28.
23
Suppose 26*z = 25*z, -3*r - z = -81. Let n(p) = 6*p**3 - 3*p**2 + 2*p + 2. What is the remainder when n(2) is divided by r?
15
Let i(l) = l**3 - 2*l**2 + 6*l - 4. Calculate the remainder when 6187 is divided by i(4).
51
Suppose 20*a - 62 = 198. What is the remainder when 157 is divided by a/(-26) + 99/6?
13
Calculate the remainder when (249/9 - -13)*6 is divided by 5.
4
Let x(i) = 2*i**2 + i - 2. Let m be x(-2). Suppose 0 = -m*n + 43 + 21. Let j(t) = 4*t**2 + 152*t + 9. Calculate the remainder when n is divided by j(-38).
7
Suppose 0 = -b - 4, 53 - 616 = -5*o - 3*b. Let i = o - 67. What is the remainder when 190 is divided by i?
46
Let b = -12787 + 12884. Calculate the remainder when b is divided by 43.
11
Let m = 129 + -90. Let y = -5812 + 6942. What is the remainder when y is divided by m?
38
Suppose -15*s + 17529 - 4044 = 0. What is the remainder when s is divided by 129?
125
Let t = 6956 + -6848. Calculate the remainder when 1066 is divided by t.
94
Let z be 225/18*((-52)/(-10) + -2). Suppose 4*n = 2*n - z. What is the remainder when 37 is divided by (68/n + -1)/((-3)/15)?
15
Suppose 2*v = -14, 2*y - 4*v - 436 = 1766. Calculate the remainder when y is divided by 209.
42
Let g be 4 + (2/(-2) - 0). Suppose -5*y = g*h - 434, 2*y + 5*h + 34 - 200 = 0. Suppose -100 = -39*r + 290. What is the remainder when y is divided by r?
8
Suppose 3*k = 5*k - 10. Suppose -2*u = 3*l - 12, -k*u = -l - 5 - 8. Let n(a) = -2*a**3 + 11*a**2 - 61*a + 410. What is the remainder when n(6) is divided by u?
2
Suppose j = 8 + 1. Let l(c) = 2*c**2 + 4*c - 77. Let f be l(8). Suppose -3*h + 46 = -h - 2*i, 3*h - f = -4*i. Calculate the remainder when h is divided by j.
7
Suppose 2*x - 220 = -4*f, -5*f + x + 275 = -0*x. Suppose -523*n + 538*n = 75. Suppose -n*p + 296 = 246. What is the remainder when f is divided by p?
5
Let n(b) = -b**3 - 38*b**2 - 34*b + 150. What is the remainder when 18600 is divided by n(-37)?
36
Let f = 3973 - 3953. Calculate the remainder when 1239 is divided by f.
19
Let j(b) = -b**3 + 13*b**2 + 166*b - 65. What is the remainder when j(-9) is divided by 112?
111
Let h = -2115 - -2696. What is the remainder when h is divided by 52?
9
Let y = 15836 + -15675. What is the remainder when 707 is divided by y?
63
Let h be (2/(-6))/(4/72). What is the remainder when 19 is divided by (-6 - (-87)/9)/((-2)/h)?
8
Let i be 0/2*3/(-6) + 3. Suppose -y - 10 = -i*y. Suppose 4*m + 603 = 5*g, -y*m = -2 + 12. Calculate the remainder when g is divided by 30.
29
Let t = 6 + -146. Let f be 8/t*-5 - 78/(-21). Calculate the remainder when 9 is divided by ((-2)/f)/(16/(-128)).
1
Let g be 3/(-9) + (-1152)/27. Let b = -22 - g. Let t(n) = n**2 + 2*n - 7. What is the remainder when b is divided by t(-5)?
5
Let q be 4243 + -1 + 1 + -3. Let y be (-8)/36 - q/(-45). Suppose y = -9*c + 823. What is the remainder when c is divided by 21?
18
Suppose 294*r - 3 = 295*r, 5*w - 23764 = -2*r. Calculate the remainder when w is divided by 23.
16
Suppose -43 = -5*x - d, -2*x - 3*d = -28 + 29. Let k(b) = 3*b**2 + 4*b + 3. Calculate the remainder when k(-4) is divided by x.
5
Let z(m) be the third derivative of -1/120*m**6 + 0 - 3/4*m**4 - 43*m**2 + 0*m + 17/3*m**3 - 4/15*m**5. Calculate the remainder when z(-15) is divided by 28.
23
Calculate the remainder when 886 is divided by (2/(-20)*-4)/(30/8325).
109
Let b(w) = 4*w**2 + 267*w + 1491. Calculate the remainder when 179 is divided by b(-6).
14
Suppose -x - 221 = -n, 5*x - 4*n + 817 + 284 = 0. Let m = 247 + x. What is the remainder when m is divided by 7?
2
Suppose -57*w = -10*w + 43*w - 2610. Let i(c) = 7*c + 2. Let b be i(3). Suppose 0 = -2*l + 9 + b. Calculate the remainder when w is divided by l.
13
Let s be 583 - (2*(3 - 7) + 4). Let c = 825 - s. What is the remainder when c is divided by 48?
46
Let z = 124 + -59. What is the remainder when 166 is divided by z?
36
Suppose 2*f = -3*d + 29, -3*f - 22 = -4*d - 6. Suppose -d*v + 2*v + 260 = 0. Suppose 324 = -70*c + 82*c. What is the remainder when v is divided by c?
25
Suppose 0 = 340*q - 332*q - 1808. What is the remainder when q is divided by 61?
43
Let d(j) = -75*j - 1. Let n(h) be the second derivative of 13*h**3/6 - h**2/2 - 2*h - 12. What is the remainder when d(-1) is divided by n(2)?
24
Let o(u) = 2*u**2 - 113*u + 252. What is the remainder when o(56) is divided by 92?
12
Let r = -6906 - -7134. What is the remainder when 3647 is divided by r?
227
Let j = 57 - 56. Calculate the remainder when 5049/66 - j/2 is divided by 14.
6
Suppose -4*c = -16 - 164. Let 